vided by j.
57
Suppose -40*c + 4139 = -13821. What is the remainder when 494 is divided by c?
45
Suppose 5*u - 4309 = 846. Calculate the remainder when u is divided by 515.
1
Suppose 3*h = 3*u - 57, 4*h + 13 = -149*u + 150*u. Calculate the remainder when 108 is divided by u.
3
Let p = 103 + -52. Suppose 0 = m + 3*a - 13, 5*a - 6 + p = 5*m. Suppose -259 = -37*x + 444. Calculate the remainder when x is divided by m.
9
Suppose 6*x - 1 = 23. Suppose 3*u - x*k - 33 = 0, -2*u + k = -7*u + 55. Suppose -27 - 22 = -7*g. Calculate the remainder when u is divided by g.
4
Suppose g + w = 4*g - 229, 4*g = 2*w + 304. Suppose l + 30*a - 28*a = 14, 0 = 4*l - 5*a - 95. Calculate the remainder when g is divided by l.
17
Let f(g) = -57*g**3 - 6*g**2 + 37*g - 24. What is the remainder when f(-4) is divided by 28?
20
Let h = -14179 - -14505. Calculate the remainder when h is divided by 12.
2
Let h = 15 + -45. Let l be 12*(-4)/30*h. Suppose 60 = 12*m - l. What is the remainder when m is divided by 2?
1
Let t = 2 + 10. Let p = 44 - t. Suppose 1233*l = 1315*l - 902. Calculate the remainder when p is divided by l.
10
Let v = 47 - 23. What is the remainder when 419 is divided by 10*(-3)/v*-24?
29
Suppose 7*t = -335 + 608. Let w(m) = m**3 - 7*m**2 + 8. Let x be w(7). Suppose 5*s + 4*v = x + 30, -v = 5*s - 47. What is the remainder when t is divided by s?
9
Suppose m = -0*m + 542. Let k(s) = -4*s**3 + 287*s**2 + 70*s + 161. What is the remainder when m is divided by k(72)?
15
Suppose -3*a + 52 = 5*k - 23, 3*a + 4*k - 72 = 0. Suppose 0 = 3*l - 8*l + 235. Let i = 106 - l. What is the remainder when i is divided by a?
19
Let y(x) = x**3 - 11*x**2 + 29*x + 3. Let o be y(8). Suppose 138 = o*r - 37*r. What is the remainder when 275 is divided by r?
22
What is the remainder when 1454 is divided by (-2524)/(-14) - ((9 - 2) + (-7722)/1001)?
6
Let r = -1707 - -1739. Calculate the remainder when 365 is divided by r.
13
Suppose 5325 = 10*a - 5*d, -53*d + 50*d - 1075 = -2*a. What is the remainder when a is divided by 202?
126
Suppose -12*h + 36 = -9*h + 2*t, -5*t + 5 = -h. Calculate the remainder when 121 is divided by h.
1
Suppose -2 = -4*l + 3*l, -l - 74 = -u. Suppose 0 = u*k - 84*k + 152. What is the remainder when 220 is divided by k?
11
Let q = 216 + -188. Suppose 11 = y + 2*u - 12, -2*u + 8 = 0. What is the remainder when q is divided by y?
13
Let z(g) = -g**3 - 42*g**2 + 131*g + 118. Calculate the remainder when z(-45) is divided by 65.
38
Let t(z) = z**3 + 5*z**2 + 3*z - 1. Let o be t(-1). Suppose r - 4*l - 41 = o, 0 = 4*l + 13 - 9. Let b = 4 - -15. What is the remainder when r is divided by b?
18
Suppose -i + 130 = 5*g, 7*i + 110 = 4*g + 9*i. Calculate the remainder when 5*-17*(-4 - (-55)/g) is divided by 37.
5
Let h(b) = -18*b + 8. Let i be h(1). What is the remainder when (-105)/175 - 356/i is divided by 23?
12
Suppose 0 = 4*o + 2*s - 666 - 7140, 45 = 5*s. Calculate the remainder when o is divided by 75.
72
What is the remainder when 2769 is divided by (((-9)/(-4))/(12/(-584)))/((-6)/8)?
141
Let j(m) = 1500*m**2 - 38*m + 36. What is the remainder when j(1) is divided by 75?
73
Suppose 5*u - w = 318, -5*w - 183 = -2*u - 42. Calculate the remainder when 142 is divided by u.
16
Let o = 34 + -30. Suppose -n + 2*s + 0 = 8, s = n + o. Suppose 5*j = 3*k - 112, 4*k + 2*j - 106 = -n*j. Calculate the remainder when k is divided by 11.
7
Let o = -3048 - -3135. What is the remainder when 3216 is divided by o?
84
Suppose -87*s + 349249 = 82246. What is the remainder when s is divided by 58?
53
Let g(m) = m + 47. Calculate the remainder when g(-8) is divided by (-15)/(-3 - -6)*-2.
9
Let o(s) be the second derivative of -s**4/12 + 5*s**3/2 - 9*s**2/2 + 73*s. Calculate the remainder when 89 is divided by o(8).
42
Suppose 0 = -11*b + 16*b - 5*r - 1945, -5*r = 0. What is the remainder when b is divided by 63?
11
Let x = -138 + 143. Suppose 5*d + 85 = x*r, r - 2*d - 9 = d. Let l(f) = 2*f**2 + 6*f + 3. Calculate the remainder when l(5) is divided by r.
20
Let h = 26 + 4. Let q = 4115 + -3967. Calculate the remainder when q is divided by h.
28
Let s(n) = n**3 + 43*n**2 + 158*n + 66. Calculate the remainder when s(-37) is divided by 53.
49
Let x be 2/7*(-6251)/(-19). Let z = x + -79. Suppose 19*l - 80 = z*l. What is the remainder when 78 is divided by l?
18
What is the remainder when (-18)/21 + (-2038920)/(-84) + 12 is divided by 149?
146
Let s be (265 + 50)*1*(2 + -1). Let r = 324 - s. What is the remainder when 41 is divided by r?
5
Let p(a) = 13*a**2 + 41*a + 274. Calculate the remainder when p(-7) is divided by 45.
39
Suppose 0 = -51*p + 76 + 17 + 213. Calculate the remainder when 29 is divided by p.
5
Let u = 26 + -11. Let m = -566 - -568. What is the remainder when (-210)/(m - 5) + 3 is divided by u?
13
Calculate the remainder when 411 is divided by ((-7)/(-9 + -26))/(2/230).
20
Suppose 3*z = -z - 4*k + 744, 0 = -5*z - 2*k + 933. Let d = z + -148. Calculate the remainder when 177 is divided by d.
21
Let r(n) be the second derivative of -n**5/20 + 3*n**4/4 + 2*n**3 + 5*n**2/2 - n - 11. Calculate the remainder when 41 is divided by r(10).
16
Let i = -45 + 48. Suppose -r - 14 = 4*y, -y - 11 = -i*r + 12. Suppose -a = r - 9. Calculate the remainder when a is divided by 3.
0
Suppose -77*n + 14 = -72*n + p, -3*n + 4*p = -13. Suppose -4*v - n*w = w - 328, w = -2*v + 164. Calculate the remainder when 321 is divided by v.
75
Suppose 0 = 9*a - 3*w - 96, -112*w + 35 = 5*a - 110*w. Calculate the remainder when 262 is divided by a.
1
Suppose 14*w = -5*f + 11*w + 199, 5*f - 4*w = 178. Calculate the remainder when 240 is divided by f.
12
Suppose 5*v - 37 = 2*z, z = 5*v + 3*z - 33. Suppose -v*j + 12*j = 120. What is the remainder when j is divided by 7?
3
Suppose 0 = -2*a + a + 2, a = -5*h + 42. Let d = -773 + 810. What is the remainder when d is divided by h?
5
Suppose 15*x - 760 = 10*x. Let k = 203 - x. Calculate the remainder when k is divided by 12.
3
Suppose -53*h + 48*h + 5*r + 15 = 0, -5*h + r = -15. Suppose 3*k + 3*q = 9, -4*q + h + 2 = 3*k. Calculate the remainder when 12 is divided by k.
5
Let b(l) be the third derivative of 0 - 35/24*l**4 + 10*l**2 + 0*l + 5/2*l**3. What is the remainder when b(-4) is divided by 40?
35
Let y be (16/(-8))/((-12)/(-2022)). Let t = y + 366. Calculate the remainder when 126 is divided by t.
10
Let o(t) = -t**3 - 35*t**2 - 133*t - 177. Calculate the remainder when 2649 is divided by o(-31).
99
Let x be ((-1350)/(-81))/(1/((-36)/(-3))). Suppose 6*z - x = -80. Calculate the remainder when 359 is divided by z.
19
Let d(l) = -l**3 - 18*l**2 + 16*l - 28. Let m = -3118 + 3165. What is the remainder when m is divided by d(-19)?
18
Let v(n) = 2*n**2 - 24*n + 117. Calculate the remainder when 1*698 - 1/((-1)/4) is divided by v(7).
44
Suppose 0 = -3*k - k - 5*h + 17, 3*k - 12 = -4*h. Let l(n) = -n**2 + 101*n - 2531. What is the remainder when k is divided by l(47)?
1
Let a(v) = -v**2 + 409. Let t(d) = 39*d**2 - 1. Calculate the remainder when t(-1) is divided by a(20).
2
Let p(q) = -q**2 - 7*q - 7. Let c be p(-7). What is the remainder when (20 - (1 + 5))*2 is divided by c/21 + (-50)/(-6)?
4
Let p(g) = g**2 + 6*g - 39. Let j be p(-13). Let v = -38 + j. Calculate the remainder when v is divided by 8.
6
Suppose 5*o + 106 = 2*p, -6*o = -5*o. Suppose 4*d = 20, 2*x = -6*d + 2*d + 50. Calculate the remainder when p is divided by x.
8
Suppose -7*g = -413 + 322. Suppose -1300 = -g*l - 169. What is the remainder when l is divided by 11?
10
Let w(r) = -2*r**2 - 20*r + 50. What is the remainder when (-4)/(-34) + 2616/17 is divided by w(-11)?
14
Let q(s) = -s**2 - s + 39. Let d be q(-7). Let v(u) be the first derivative of 2*u**3/3 + 3*u**2/2 + 13*u - 4. What is the remainder when v(d) is divided by 8?
6
Suppose -4*b + 1584 = 20*b. Let z = b + 2. Calculate the remainder when z is divided by 2/(-2) - (-11 + 0).
8
Let m(b) = -b**3 + 7*b**2 - 6*b + 3. Let q be m(6). Let y be (-10)/(-3*8/(-36)*-3). Suppose y*z - 37 = q. What is the remainder when 29 is divided by z?
5
Let w = 25126 + -25025. Calculate the remainder when 698 is divided by w.
92
Let t = -3155 - -3168. What is the remainder when 4807 is divided by t?
10
Suppose 5196 + 15984 = 157*a - 15715. Calculate the remainder when 167